+ 4*r**3/3 + 9*r. Let w be q(-8). Suppose w = -y - 0*y + 43. What is the units digit of y?
3
What is the thousands digit of (-13995)/(-6)*12/15?
1
Suppose -a - 4*a = 4*z + 22, 0 = 2*z - 4. Let i be a*4/6 + 1. Let t = 12 + i. What is the units digit of t?
9
Let f(z) = -z**3 + 18*z**2 + 102*z - 3. What is the thousands digit of f(17)?
2
Suppose 0 = 5*w - 69 + 274. Let n = w - -110. What is the units digit of n?
9
What is the hundreds digit of 241 + -10 + 0 + -6?
2
Suppose 2*t + h - 7417 = -3*t, h = 3*t - 4455. What is the hundreds digit of t?
4
Let g = 7 - 14. Let b = 29 + g. Let w = 39 - b. What is the tens digit of w?
1
Suppose 0 = -3*x - 3, -4*g - x + 1754 = -3125. What is the hundreds digit of g?
2
Let j be (-3)/2*(-906)/(-9)*-1. Suppose -4*z - 19 = -j. What is the tens digit of z?
3
Let r(i) = 987*i + 67. What is the tens digit of r(2)?
4
Let m(r) be the first derivative of -r**4/4 - 14*r**3/3 - 4*r**2 - 21*r + 1. What is the tens digit of m(-14)?
9
Let m(c) be the first derivative of 16*c**3/3 - c + 3. Suppose 4 = -3*x - x. What is the units digit of m(x)?
5
Suppose -2*i + 2 = -4. Suppose -5*q - 2*y + 45 = 3*y, 22 = 2*q + i*y. Suppose 7 = 4*h - q. What is the units digit of h?
3
What is the thousands digit of 3908 + -1 + (-44)/(14 - 25)?
3
Let a be 36/(-9) - 1*-4. Suppose f + a*f + 24 = 0. Let u = 17 - f. What is the tens digit of u?
4
Let c = 1057 + -32. What is the units digit of c?
5
Let c(b) = -b**3 + 6*b**2 + 6*b. Let i be c(7). Let t = i + 13. Suppose -5*j - 235 = -5*l, -t*l + 2*l - 4*j + 148 = 0. What is the units digit of l?
2
Suppose -5*b - 5 = -5*r, 3*b + 2*r - 17 = -0*b. Suppose -3*m + 0*m + 11 = t, -b*m - 4*t = 1. Suppose -14 - 16 = -m*k. What is the units digit of k?
6
Let f = 282 + -189. Suppose 4*d = f + 35. Let l = 51 - d. What is the units digit of l?
9
Let b(q) = 8*q**3 + 2*q - 49 + 0*q - q**2 + 48. What is the units digit of b(1)?
8
Let r be (9/(-3) - -2)*-19. Let w = 42 - r. Suppose -4*h + 41 = -w. What is the tens digit of h?
1
Let y be 1/(1/(-3))*-20. Suppose -y = -8*c + 4*c. What is the units digit of c?
5
Let r(z) = z**3 + 7*z**2 - 4. Suppose 0*p = 2*p - 5*b + 12, -2*b = -4*p - 24. What is the units digit of r(p)?
2
Let j = 11 - 6. Suppose -3*p + j + 32 = 4*b, p = 5*b + 25. Let y = p + -9. What is the units digit of y?
6
Let u = -6 + 8. What is the tens digit of (105/(-28))/((-9)/912*u)?
9
Let r be ((-14)/(-21))/((-2)/(-12)). Let u be ((-2)/r)/(2/16). What is the units digit of u/(3/66*-4)?
2
Let j = 8 + -6. Let g be 0/j*(5 + -6). Suppose g = 3*h - 2*b - 54 + 12, 3*h - 39 = b. What is the tens digit of h?
1
What is the units digit of 4/16*8212 + -3?
0
Let q(v) = -2*v + 8. Let x be q(10). Let n be (x/14)/((-1)/(-7)). What is the tens digit of (31/(-2))/(3/n)?
3
Suppose -21701 - 13969 = -29*g. What is the tens digit of g?
3
Let t(l) = -l**3 - 10*l**2 + 10*l - 5. Let f be t(-11). Let r = -67 - -544. What is the units digit of r/f + (-2)/(-4)?
0
Let v(z) = 3*z**3 + z**2 + 3*z - 3. Let o be v(2). Let n(k) = k - k - k + o. What is the units digit of n(0)?
1
What is the hundreds digit of -4 - 5240/(5 + -10)?
0
Suppose -2*j + 2*c = -38, -4*j + 0*c = 5*c - 40. Let h be 10/j + 6/(-9). Suppose h = -4*u - 4, -s + 2*u = u - 16. What is the tens digit of s?
1
Suppose -h - a + 2 = 0, 1 = 5*h + 4*a - 11. Suppose -q = 2*i - 124, 9 = i + h*q - 46. What is the units digit of i?
3
Let s = 3 - -1. Suppose 0 = f + s*h - 51 + 13, h + 33 = f. Let t = 1 + f. What is the units digit of t?
5
Let b be 1/4 - 15/(-20). What is the tens digit of ((-80)/(-8))/(b/8)?
8
Suppose -r - 2*o + 4*o - 3 = 0, 0 = r - 4*o + 11. Suppose t = -4*y + 9 + 6, 5*t + 2*y = -15. Let p = r - t. What is the tens digit of p?
1
Let j = -2 + 11. Suppose -j*s - 200 = -14*s. Suppose 0*k + s = 4*k. What is the units digit of k?
0
Let o = -19 - -19. Suppose -3*q + o*q = 0. Suppose q*n - n = -29. What is the units digit of n?
9
Suppose 0 = -4*t + 5*v - 14 + 60, 4*v + 8 = 0. What is the units digit of t?
9
Let i(q) = 4 + 11*q**2 + 2*q**3 - q**3 + 2 - 29*q + 8. What is the units digit of i(-13)?
3
Let p(o) = 2*o - 2. Let f be p(2). Suppose 4*c - 4*q - 1 - 23 = 0, -10 = -c + f*q. Suppose 0*r = -c*r + 88. What is the tens digit of r?
4
Let l = 2476 - -212. What is the hundreds digit of l?
6
Let a(n) = -n**2 + 3*n + 508. What is the tens digit of a(0)?
0
Let o(c) = c**2. Let h be o(-3). Let m be -28*(5 + 11/(-2)). Let l = m - h. What is the units digit of l?
5
Let o = -1 + 5. Suppose -5*p - 4*s + 186 + 34 = 0, 4*p + o*s = 176. What is the tens digit of p?
4
Let d be (-1)/5 - (-495)/(-25). Let k = 24 + d. Suppose -2*n - 2 = -k*n, n = -3*m + 208. What is the tens digit of m?
6
Suppose -3*h - o = h, 0 = h - 2*o. Suppose -d + 79 + 85 = h. What is the units digit of 3/5 + d/10?
7
Let p be 5/5*(-1 + 1). Let c be (-4)/(-22) - 7011/(-99). Suppose 3*i + 11 - c = p. What is the units digit of i?
0
Suppose -2*u + 4*y - 54 = y, -3*u = -4*y + 80. What is the units digit of (-596)/(-12) + (u/9)/4?
9
Let b(i) = -i**3 + 18*i**2 - 16*i - 14. Let g be b(17). Suppose w - 9 = l, 0*w - l + 35 = g*w. What is the units digit of w?
1
Suppose 12*n - 26760 = -12*n. What is the hundreds digit of n?
1
Suppose 2577 - 145 = -8*f. Let a = f + 495. What is the hundreds digit of a?
1
Suppose -k + 45 = 4*k + 5*v, 24 = k + 4*v. Suppose -2*w - 24 = -4*h, 4*w - 3 = -k*h + 9. Suppose x = -r + 7, 3*r + h = 4*r + 2*x. What is the units digit of r?
9
Let y(p) = 22*p + 364. What is the tens digit of y(5)?
7
Let z = 35 + 2411. What is the tens digit of z?
4
What is the thousands digit of (1*-1)/(17 + (-455136)/26772)?
2
Let v(s) be the third derivative of 41*s**4/8 - 8*s**2. Let c be v(1). Suppose -4*b = 4, 4*a - c = -2*b + b. What is the units digit of a?
1
Suppose -60*j = -55*j + 190. Let r = 97 - j. What is the hundreds digit of r?
1
Suppose -5*z + 2*z = 9. Let j be (-1)/(-1*z/(-15)). Let i = 7 + j. What is the tens digit of i?
1
Suppose a + 5*z = -9, -a - 33 = -4*a + 5*z. Suppose 18*j = a*j + 708. What is the units digit of j?
9
Suppose 99 - 288 = -3*v. Let i = v - 21. What is the tens digit of i?
4
What is the units digit of 4965/18 + (-25)/30?
5
Let q = 10 - 43. What is the units digit of -1*1*(q + -17)?
0
Let t(m) = 77*m**2 + 2*m - 4 + 1 + 2. Let u be t(1). Suppose -u = -11*v + 8*v. What is the tens digit of v?
2
Suppose -221*d = -223*d + 478. What is the units digit of d?
9
Let n(f) = 92*f - 43. What is the hundreds digit of n(6)?
5
Let m = 33 - 28. Suppose h - m = 0, -2*d + 0*h = 3*h - 175. What is the tens digit of d?
8
Suppose 0 = 6*v - 3*v - 2*g - 514, -712 = -4*v - 4*g. What is the tens digit of v?
7
Let i = 5405 - 3464. What is the units digit of i?
1
Suppose 2*i = -6*g + 3*g + 1366, -5*i = g - 3402. What is the tens digit of i?
8
Suppose -3*v + 1546 = 2*d + 2*v, -4*d - 4*v = -3080. What is the hundreds digit of d?
7
Let o(h) = -h**3 + h. Let m be o(-2). Let v(u) = -7*u**2 + 3*u - 3. Let z(c) = 6*c**2 - 2*c + 3. Let i(l) = m*z(l) + 5*v(l). What is the units digit of i(-2)?
1
Let j(g) = -g**3 - 2*g**2 - g. Let x be j(-1). Suppose x = 5*u + 7 - 27. Suppose -u*r = -132 - 56. What is the tens digit of r?
4
What is the tens digit of (-9)/(-6)*(-130)/(-3)?
6
Let c = 174 + -109. Suppose -19 = -12*q + c. What is the units digit of q?
7
Suppose 124*r + 1020 = 129*r. Suppose 0 = 11*h - 8*h - r. What is the tens digit of h?
6
Let r(u) = 2*u**3 - 3*u**2 + 7*u. Let l be -4 + 1 + 17 - -2. Suppose 4*c - l = -4. What is the units digit of r(c)?
8
Suppose 0 = 2*x + 3*o - 2*o - 7, -5*x + 7 = -o. Suppose x*n - 206 = 358. What is the tens digit of n?
8
Let s(c) = 7*c**2 + 6*c + 45. What is the hundreds digit of s(9)?
6
Let m(a) = -a**2 - 3*a - 5. Let i be m(-4). Let s(v) = 17*v + 3 - 8*v - 10*v. What is the units digit of s(i)?
2
Suppose 30*c = 25*c + 9255. What is the hundreds digit of c?
8
Let t = 198 - -329. What is the units digit of t?
7
Let n = -634 - -642. Let s = -3826 + 5789. What is the units digit of 2/n + s/52?
8
What is the tens digit of ((-448)/12)/7*-18?
9
Suppose 3094 = 50*v - 43*v. What is the units digit of v?
2
Suppose 0 = d - n - 99, -165 = -d + 4*n - 54. Suppose d + 25 = 6*a. What is the units digit of a?
0
Let y(k) be the second derivative of -k**3/2 - 3*k**2 + k. Let i = 249 - 258. What is the units di